 the prime factors of 2893?
11, 263
What are the prime factors of 165967?
29, 59, 97
What are the prime factors of 1002?
2, 3, 167
List the prime factors of 18217.
18217
What are the prime factors of 3215?
5, 643
What are the prime factors of 1586?
2, 13, 61
What are the prime factors of 44922?
2, 3, 7487
List the prime factors of 912.
2, 3, 19
What are the prime factors of 11072?
2, 173
What are the prime factors of 5599?
11, 509
What are the prime factors of 21700?
2, 5, 7, 31
List the prime factors of 12580.
2, 5, 17, 37
List the prime factors of 9531.
3, 353
List the prime factors of 962.
2, 13, 37
List the prime factors of 1946.
2, 7, 139
List the prime factors of 251.
251
List the prime factors of 4956.
2, 3, 7, 59
What are the prime factors of 28466?
2, 43, 331
What are the prime factors of 4327?
4327
List the prime factors of 1109.
1109
What are the prime factors of 3393?
3, 13, 29
What are the prime factors of 3913?
7, 13, 43
List the prime factors of 17904.
2, 3, 373
What are the prime factors of 14752?
2, 461
What are the prime factors of 50083?
11, 29, 157
What are the prime factors of 149969?
149969
What are the prime factors of 138?
2, 3, 23
What are the prime factors of 9461?
9461
List the prime factors of 16200.
2, 3, 5
List the prime factors of 4347.
3, 7, 23
List the prime factors of 114399.
3, 19, 223
What are the prime factors of 3541?
3541
List the prime factors of 4173.
3, 13, 107
What are the prime factors of 36791?
36791
List the prime factors of 63665.
5, 7, 17, 107
What are the prime factors of 5819?
11, 23
List the prime factors of 603.
3, 67
What are the prime factors of 7087?
19, 373
What are the prime factors of 14581?
7, 2083
What are the prime factors of 3566?
2, 1783
What are the prime factors of 1148?
2, 7, 41
List the prime factors of 2356.
2, 19, 31
What are the prime factors of 31774?
2, 15887
What are the prime factors of 90755?
5, 7, 2593
What are the prime factors of 6492?
2, 3, 541
What are the prime factors of 36908?
2, 9227
List the prime factors of 153.
3, 17
What are the prime factors of 153?
3, 17
What are the prime factors of 67229?
23, 37, 79
List the prime factors of 2142.
2, 3, 7, 17
List the prime factors of 69368.
2, 13, 23, 29
List the prime factors of 7398.
2, 3, 137
List the prime factors of 3037.
3037
What are the prime factors of 725?
5, 29
What are the prime factors of 2504?
2, 313
What are the prime factors of 3600?
2, 3, 5
What are the prime factors of 4432?
2, 277
What are the prime factors of 6221?
6221
What are the prime factors of 633?
3, 211
List the prime factors of 19878.
2, 3, 3313
What are the prime factors of 350?
2, 5, 7
What are the prime factors of 3270?
2, 3, 5, 109
What are the prime factors of 442?
2, 13, 17
What are the prime factors of 363?
3, 11
List the prime factors of 175415.
5, 35083
List the prime factors of 6569.
6569
What are the prime factors of 2062?
2, 1031
List the prime factors of 7009.
43, 163
List the prime factors of 80675.
5, 7, 461
What are the prime factors of 405?
3, 5
What are the prime factors of 144417?
3, 7, 13, 23
What are the prime factors of 17143?
7, 31, 79
What are the prime factors of 842?
2, 421
List the prime factors of 5092.
2, 19, 67
What are the prime factors of 4824?
2, 3, 67
List the prime factors of 4007.
4007
What are the prime factors of 1034?
2, 11, 47
List the prime factors of 18514.
2, 9257
List the prime factors of 95060.
2, 5, 7, 97
What are the prime factors of 101947?
97, 1051
List the prime factors of 9637.
23, 419
What are the prime factors of 151?
151
List the prime factors of 13367.
13367
List the prime factors of 598.
2, 13, 23
List the prime factors of 76242.
2, 3, 97, 131
What are the prime factors of 195?
3, 5, 13
List the prime factors of 244.
2, 61
What are the prime factors of 80?
2, 5
List the prime factors of 12240.
2, 3, 5, 17
What are the prime factors of 448?
2, 7
List the prime factors of 48832.
2, 7, 109
What are the prime factors of 1067?
11, 97
What are the prime factors of 64139?
31, 2069
List the prime factors of 12876.
2, 3, 29, 37
What are the prime factors of 3684?
2, 3, 307
What are the prime factors of 42066?
2, 3, 19, 41
List the prime factors of 41248.
2, 1289
What are the prime factors of 576?
2, 3
List the prime factors of 2212.
2, 7, 79
What are the prime factors of 4355?
5, 13, 67
List the prime factors of 60194.
2, 30097
What are the prime factors of 1692?
2, 3, 47
What are the prime factors of 456?
2, 3, 19
What are the prime factors of 17204?
2, 11, 17, 23
List the prime factors of 16801.
53, 317
List the prime factors of 55161.
3, 227
List the prime factors of 1736.
2, 7, 31
List the prime factors of 6234.
2, 3, 1039
What are the prime factors of 2355?
3, 5, 157
What are the prime factors of 657?
3, 73
List the prime factors of 4889.
4889
List the prime factors of 1035.
3, 5, 23
What are the prime factors of 12056?
2, 11, 137
What are the prime factors of 800?
2, 5
What are the prime factors of 33604?
2, 31, 271
What are the prime factors of 34886?
2, 17443
What are the prime factors of 1838?
2, 919
What are the prime factors of 8379?
3, 7, 19
What are the prime factors of 12087?
3, 17, 79
What are the prime factors of 2550?
2, 3, 5, 17
List the prime factors of 862.
2, 431
List the prime factors of 65780.
2, 5, 11, 13, 23
List the prime factors of 9466.
2, 4733
List the prime factors of 30983.
30983
What are the prime factors of 23769?
3, 19, 139
What are the prime factors of 3997?
7, 571
What are the prime factors of 684?
2, 3, 19
List the prime factors of 10504.
2, 13, 101
What are the prime factors of 326?
2, 163
List the prime factors of 3481.
59
What are the prime factors of 1399?
1399
What are the prime factors of 57498?
2, 3, 7, 37
List the prime factors of 431.
431
List the prime factors of 30843.
3, 23, 149
What are the prime factors of 414?
2, 3, 23
What are the prime factors of 79957?
37, 2161
What are the prime factors of 16238?
2, 23, 353
List the prime factors of 10035.
3, 5, 223
What are the prime factors of 102?
2, 3, 17
List the prime factors of 262.
2, 131
What are the prime factors of 33834?
2, 3, 5639
List the prime factors of 52253.
52253
List the prime factors of 10565.
5, 2113
What are the prime factors of 6988?
2, 1747
List the prime factors of 51525.
3, 5, 229
List the prime factors of 1087.
1087
List the prime factors of 81738.
2, 3, 19, 239
List the prime factors of 87382.
2, 43691
What are the prime factors of 1513?
17, 89
List the prime factors of 6206.
2, 29, 107
List the prime factors of 6608.
2, 7, 59
What are the prime factors of 9493?
11, 863
What are the prime factors of 3721?
61
List the prime factors of 574.
2, 7, 41
List the prime factors of 281.
281
List the prime factors of 1483.
1483
List the prime factors of 414.
2, 3, 23
What are the prime factors of 926?
2, 463
List the prime factors of 1750.
2, 5, 7
What are the prime factors of 4556?
2, 17, 67
What are the prime factors of 1352?
2, 13
List the prime factors of 1392.
2, 3, 29
What are the prime factors of 10687?
10687
List the prime factors of 7856.
2, 491
List the prime factors of 52371.
3, 11, 23
What are the prime factors of 25375?
5, 7, 29
List the prime factors of 6161.
61, 101
What are the prime factors of 340?
2, 5, 17
List the prime factors of 483.
3, 7, 23
What are the prime factors of 4164?
2, 3, 347
What are the prime factors of 732?
2, 3, 61
List the prime factors of 1833.
3, 13, 47
List the prime factors of 3549.
3, 7, 13
List the prime factors of 3311.
7, 11, 43
List the prime factors of 4242.
2, 3, 7, 101
What are the prime factors of 30016?
2, 7, 67
List the prime factors of 49001.
19, 2579
List the prime factors of 1865.
5, 373
What are the prime factors of 10311?
3, 7, 491
List the prime factors of 124610.
2, 5, 17, 733
What are the prime factors of 208?
2, 13
What are the prime factors of 2125?
5, 17
List the prime factors of 4872.
2, 3, 7, 29
List the prime factors of 26926.
2, 13463
List the prime factors of 9271.
73, 127
List the prime factors of 858.
2, 3, 11, 13
List the prime factors of 4840.
2, 5, 11
List the prime factors of 33182.
2, 47, 353
What are the prime factors of 6346?
2, 19, 167
List the prime factors of 2677.
2677
List the prime factors of 35485.
